3, 59
Suppose -3*l - 177 = -3*d, -4*l - 255 = l + 3*d. List the prime factors of 21*(-48)/l*21.
2, 7
List the prime factors of 770/1078 - 1001760/(-14).
5, 11, 1301
Let g = -45 + 50. Suppose 0 = 3*a - 0*a. Suppose g*n + 95 - 870 = a. What are the prime factors of n?
5, 31
Let z = -91 - -100. Suppose 0*u = -z*u + 2142. List the prime factors of u.
2, 7, 17
Suppose -2*n = -y + 3896, -23*y + 28*y - n = 19507. What are the prime factors of y?
2, 1951
Let h be ((-59456)/12)/(-16) + 1/3. Let b = 769 - h. List the prime factors of b.
3, 17
Let a(c) = -c**2 + 14*c. Let z be a(14). Let r be ((-522)/(-18))/(z + 1). Suppose o + 2 = 4, -y = o - r. What are the prime factors of y?
3
Let p(b) = 1674*b**2 - 18*b - 16. List the prime factors of p(4).
2, 47, 71
Let h be ((-3530)/3)/(-9 + (-25)/(-3)). Suppose 4*i = -3*b + 1767, -h = -4*i + 2*b - 3*b. What are the prime factors of i?
3, 7
Let y be (-4)/(-42)*3 - (-3452)/(-28). Let a = -102 - y. Suppose 0 = z - 2*c - a - 40, 5*c = 5*z - 280. What are the prime factors of z?
3, 17
Let f be (8/(-20))/(8/(-1660)). Let s = f + 81. Let q = s + -81. What are the prime factors of q?
83
Suppose -1720*a = -1696*a - 1247424. List the prime factors of a.
2, 73, 89
Let m(b) = 8*b**2 - b + 62. Let v be m(-8). Let h = v - 294. List the prime factors of h.
2, 3
Let i(z) = z**2 - 4*z - 30. Let g be i(8). Suppose 0 = -g*m - 106 + 478. Let f = m + -76. List the prime factors of f.
2, 5, 11
Let s(x) = 13*x**2 + 131*x - 545. List the prime factors of s(-45).
5, 41, 97
Suppose 50 = 5*i - 5*u, -2*i = -3*u - 9 - 15. Let n(g) = 98*g - 192. What are the prime factors of n(i)?
2, 3, 11
Let g be 4/6 + 0 + (-3765)/45. Let a be (g/2)/(5/2 - 3). Suppose 4*m = p + 287 + 121, m - a = 5*p. List the prime factors of m.
103
Let l(z) = z**3 - z**2 + 1. Let r be (1 + 1)/(3 - 5). Let o(j) = 2*j**3 - 2*j**2 - 2*j + 2. Let q(g) = r*o(g) + 4*l(g). List the prime factors of q(2).
2, 7
Suppose 4*i - 4*j - 193 = -j, -i + 37 = 3*j. Let f(b) = -50 + 5*b + i + 8*b**2 - b. List the prime factors of f(4).
2, 5, 7
Suppose -3*p - 85*v + 5551 = -80*v, -5*p = -4*v - 9264. What are the prime factors of p?
2, 463
Let s = -82306 + 120049. Suppose 6*q + 17*q = s. List the prime factors of q.
3, 547
Suppose 0*f - 9*f = -448103 + 128072. What are the prime factors of f?
3, 439
Suppose -12 = -2*j - 4*y, 0 = -2*j - j - 2*y + 6. Suppose j = -3*c - 16*f + 14*f + 887, 5*c = f + 1500. List the prime factors of c.
13, 23
Let r be (2*-40)/(22/((-121)/11)). Suppose r*n = 19*n + 12159. What are the prime factors of n?
3, 193
Suppose 4*b = -g + 964, 0*g + 5*b = 4*g - 3793. Suppose 4*r - a = 2*a + 3808, r = -a + g. List the prime factors of r.
2, 7, 17
Let t(o) = -o**2. Let z(i) = -9*i + 28. Let g(b) = -2*t(b) - z(b). Let r be g(-9). Suppose -r = -2*l + l. What are the prime factors of l?
53
Let l = 681 + -321. Suppose -3 = -d - 0*h + 3*h, 6 = 2*d - 3*h. Suppose -354 = -d*n + l. What are the prime factors of n?
2, 7, 17
Let o be (-1 - -4) + 3 - 16. Let v(s) = s**3 + 9*s**2 - 14*s - 17. List the prime factors of v(o).
23
Suppose 0 = -3*s + 5*m + 43259, -m = 3*s + s - 57717. List the prime factors of s.
2, 3607
Let k = 17690 - 10456. What are the prime factors of k?
2, 3617
Let t = -96 + 105. Let p(d) = 16*d**2 + 12*d + 29. What are the prime factors of p(t)?
1433
Let w(k) = -k**3 + 19*k**2 + k + 45. Let s be w(16). Suppose 3*c - s = -199. List the prime factors of c.
2, 3, 5, 7
Suppose -4*z = 4*k - 62124, -4*z = 5*k - 87543 + 9885. List the prime factors of k.
2, 3, 863
Let c be (-104)/(-10) - 14/35. Suppose 7*a - c*a + 105 = 0. What are the prime factors of 2/10 + 2653/a?
2, 19
Suppose 5*a = 17 + 3. Let p be 3531/44 - 1/a. Suppose 0 = -3*m + p - 11. What are the prime factors of m?
23
Let o = 16 - 8. Suppose -b - 3 = 2*q, 5*q + 4*b + 4 + o = 0. Suppose 2*i - 10 = 0, x - 4*i - 11 - 6 = q. What are the prime factors of x?
37
Let v(p) = 75*p**2 - 86*p - 69. List the prime factors of v(12).
3, 53, 61
Let s = 43 + -52. List the prime factors of (-7 + -1 - s)/(1/431).
431
Suppose -7*w + 128 = -3*w. Suppose 3*a - w = k - 5, 98 = -2*k - 5*a. List the prime factors of (2*16)/((-13)/k).
2, 3
Let c = -207 + 217. List the prime factors of 4/c - (-5 + 7140/(-25)).
3, 97
What are the prime factors of (-27503175)/(-875) + 11/(-5)?
2, 5, 7, 449
Let j = 129 + -48. Let z = 500 - j. List the prime factors of z.
419
Suppose 0 = a + 44 - 1140. Let u be 1*-2*(-54)/12. Suppose a = u*s - s. What are the prime factors of s?
137
Let d = 14674 + -8626. Suppose d = 2*b + 14*b. List the prime factors of b.
2, 3, 7
Let b = 29 - -25. Suppose i = 5*w + 25, -2*i + 29 + b = w. Let l = i - 28. List the prime factors of l.
2, 3
Let k = 11986 - 1906. Suppose 11*m = -m + k. What are the prime factors of m?
2, 3, 5, 7
Let j = -2395 + 4401. Suppose -11*k = -j - 2152. What are the prime factors of k?
2, 3, 7
Let o(q) = -q**3 - 2*q**2 + 6*q - 9. Let h be o(-5). Suppose -h*y + 18*y = -28584. What are the prime factors of y?
2, 397
Let a = -108 + 170. Suppose -5*f + a + 23 = 0. What are the prime factors of f?
17
Suppose 28*i - 27*i = -4*l + 54520, 4*l + 2*i = 54524. List the prime factors of l.
3, 7, 11, 59
Let x(p) be the first derivative of -21*p + 10*p + 2*p**2 - 18 + 12*p - p**2 - p**4. List the prime factors of x(-3).
103
Let s(u) = 2*u**3 - 17*u**2 - 8*u + 9. Let r be s(9). Suppose j = -3*f + 608, 5*j + 21*f = r*f + 2980. List the prime factors of j.
593
What are the prime factors of 390915/90*4/7?
2, 17, 73
Let r(i) = -43*i + 81 - 24*i + 44*i. What are the prime factors of r(-12)?
3, 7, 17
List the prime factors of (72/(-27))/(4614/(-2304) - -2).
2
Let y be (-11)/(-3) + 1 + (-40)/(-120). Suppose -y*l + 104 = 74. List the prime factors of (-92)/l*(-8 + (4 - 5)).
2, 3, 23
Let u = -4655 - -7999. Suppose -4*k = 4*y - u, 3*k - 4*y - 3108 = -579. List the prime factors of k.
839
Suppose 1837 = -2*x - 5*c + 10601, -2*x - 2*c + 8782 = 0. List the prime factors of x.
4397
Let k = -296 - -1245. List the prime factors of k.
13, 73
Let t be 522/(-60)*-2 + 2/(-5). Suppose t + 13 = -5*q. List the prime factors of (-56)/q*150/10.
2, 5, 7
What are the prime factors of (-4)/(-9)*(-8265312)/(-704)?
2, 2609
Let h be 1*2 + -9 + 5. Let f(n) = n + 2. Let b be f(h). List the prime factors of (8 - (5 + b)) + 225.
2, 3, 19
Let c = 9397 + -3588. List the prime factors of c.
37, 157
Suppose 698*n = 3*d + 696*n - 65455, 4*d = -3*n + 87245. List the prime factors of d.
5, 4363
Let z(f) = -1407*f - 403. What are the prime factors of z(-7)?
2, 4723
Suppose 31*t - 638584 + 329172 = 1949279. What are the prime factors of t?
3, 149, 163
What are the prime factors of ((-252)/112)/((-21)/116984)?
2, 3, 2089
Let x be 2/(-8)*2*(-1 + -3). Suppose -17*g + x = -457. What are the prime factors of g?
3
Let i = 79 + 226. What are the prime factors of i + ((-38)/(-190) - 52/10)?
2, 3, 5
Let g be (-99)/(-22)*4/6. Let c(v) = 30*v - 52. What are the prime factors of c(g)?
2, 19
Let z = -3519 + 13248. What are the prime factors of z?
3, 23, 47
Let h = 621 + -1393. What are the prime factors of 0 + h/(-2) + -4 + 5?
3, 43
Suppose -11*d + 14*d - 3696 = 0. Suppose 0 = -6*c + 10*c - d. What are the prime factors of c?
2, 7, 11
Suppose 8*m = 4*m + 4*x + 2048, m - 517 = -4*x. List the prime factors of ((-2)/(-2))/(9/m).
3, 19
Let d(o) = -o**3 - 37*o**2 + 864*o + 34. What are the prime factors of d(15)?
2, 647
Let s be (5 + 1)/((-3)/(-2)). Let f(i) = 2*i**3 + 2*i**2 - 2*i + 5. Let v be f(5). Suppose -s*y - v = -9*y. List the prime factors of y.
59
What are the prime factors of (-3580572)/(-57) - 53/1007?
3, 20939
Let t = 8455 - -4949. What are the prime factors of t?
2, 3, 1117
Suppose -3*n = 3*v - 15070 - 17732, -54663 = -5*n + 2*v. List the prime factors of n.
13, 29
Let i = 17078 + -12426. What are the prime factors of i?
2, 1163
Let j be ((-2)/1)/(9 - 7). Let q = 3 - 5. What are the prime factors of 1 + ((-32)/q - j)?
2, 3
Let p(a) = 6*a + 13 + 25*a**2 - 11 - 3. Let j be p(-3). Suppose -5*b + 4*k = -j, -b + 30 = -0*b + 2*k. What are the prime factors of b?
2, 19
Let q(o) = -o**3 - 19*o**2 + 18*o - 33. Let k be q(-20). Suppose 398 = 2*t - 3*h + k*h, t - h = 202. What are the prime factors of t?
3, 67
Suppose 15*h = 28 + 2. Suppose -4*y - 5*f = -599, 0 = -h*y - 3*f -